y 20631?
619
Calculate the remainder when 1118889 is divided by 1116896.
1993
Calculate the remainder when 766944 is divided by 2324.
24
Calculate the remainder when 6018100 is divided by 426.
424
Calculate the remainder when 25517 is divided by 6822.
5051
Calculate the remainder when 136146 is divided by 2309.
2224
Calculate the remainder when 5197187 is divided by 4682.
167
What is the remainder when 8524385 is divided by 3360?
65
Calculate the remainder when 116727 is divided by 10747.
9257
What is the remainder when 2757445 is divided by 759?
757
What is the remainder when 5963423 is divided by 5963228?
195
Calculate the remainder when 32676764 is divided by 158.
152
Calculate the remainder when 195744507 is divided by 2637.
2634
Calculate the remainder when 9724373 is divided by 9724364.
9
Calculate the remainder when 24700738 is divided by 15683.
13
Calculate the remainder when 37204 is divided by 7396.
224
What is the remainder when 3258195 is divided by 25257?
42
Calculate the remainder when 188513 is divided by 8549.
435
Calculate the remainder when 8539 is divided by 202.
55
Calculate the remainder when 267192 is divided by 2173.
2086
Calculate the remainder when 30949946 is divided by 240.
26
Calculate the remainder when 27360138 is divided by 19613.
3
Calculate the remainder when 107472474 is divided by 93.
0
Calculate the remainder when 2810058 is divided by 15272.
10
Calculate the remainder when 541851555 is divided by 1959.
1950
What is the remainder when 16138 is divided by 2172?
934
What is the remainder when 301563 is divided by 99563?
2874
Calculate the remainder when 1829844 is divided by 296.
268
Calculate the remainder when 131234 is divided by 874.
134
What is the remainder when 1124186 is divided by 562039?
108
What is the remainder when 1547929 is divided by 773950?
29
What is the remainder when 18971830 is divided by 3681?
3637
What is the remainder when 2683562 is divided by 2358?
158
What is the remainder when 711181 is divided by 711169?
12
What is the remainder when 4129042 is divided by 7956?
7834
Calculate the remainder when 32047845 is divided by 18952.
13
What is the remainder when 768062 is divided by 9482?
20
Calculate the remainder when 129225 is divided by 14349.
84
Calculate the remainder when 94309 is divided by 107.
42
Calculate the remainder when 4679777 is divided by 3561.
623
What is the remainder when 109631 is divided by 116?
11
What is the remainder when 49686 is divided by 993?
36
What is the remainder when 2659195 is divided by 438?
97
What is the remainder when 1064251 is divided by 677?
7
What is the remainder when 3920252 is divided by 206329?
1
Calculate the remainder when 2625616 is divided by 241.
162
What is the remainder when 95784 is divided by 3185?
234
Calculate the remainder when 1664198 is divided by 553829.
2711
What is the remainder when 233802 is divided by 116804?
194
What is the remainder when 258844537 is divided by 3359?
3356
What is the remainder when 64670374 is divided by 43?
8
What is the remainder when 110822500 is divided by 35?
5
Calculate the remainder when 89903589 is divided by 76.
73
What is the remainder when 250256 is divided by 83363?
167
What is the remainder when 877152 is divided by 58468?
132
What is the remainder when 3624424 is divided by 588?
580
What is the remainder when 481493 is divided by 2219?
2189
Calculate the remainder when 221012 is divided by 27411.
1724
Calculate the remainder when 498598731 is divided by 89.
83
Calculate the remainder when 2433226 is divided by 54071.
31
What is the remainder when 338828 is divided by 112921?
65
What is the remainder when 881297 is divided by 125899?
4
Calculate the remainder when 21328367 is divided by 195673.
10
Calculate the remainder when 3005223 is divided by 339.
327
What is the remainder when 9115534 is divided by 121?
120
What is the remainder when 1877557 is divided by 200?
157
What is the remainder when 3513297 is divided by 19627?
64
Calculate the remainder when 5887974 is divided by 88.
70
Calculate the remainder when 341230 is divided by 20.
10
Calculate the remainder when 42760281 is divided by 23.
15
What is the remainder when 274357663 is divided by 32?
31
Calculate the remainder when 15970809 is divided by 33.
30
Calculate the remainder when 41828000 is divided by 15.
5
Calculate the remainder when 492393255 is divided by 42.
39
What is the remainder when 3957225 is divided by 5106?
75
Calculate the remainder when 34468810 is divided by 161.
159
What is the remainder when 26312004 is divided by 203969?
3
What is the remainder when 4248458 is divided by 718?
52
What is the remainder when 67326 is divided by 21603?
2517
What is the remainder when 3011729 is divided by 961?
916
What is the remainder when 1520281 is divided by 7380?
1
Calculate the remainder when 17654017 is divided by 1535.
1517
What is the remainder when 2381598 is divided by 82?
72
What is the remainder when 784426 is divided by 1532?
42
What is the remainder when 31626043 is divided by 219?
34
What is the remainder when 19919698 is divided by 64?
18
What is the remainder when 62600 is divided by 20858?
26
Calculate the remainder when 9774675 is divided by 21.
15
What is the remainder when 1746863 is divided by 582287?
2
What is the remainder when 7583172 is divided by 13688?
20
What is the remainder when 831105 is divided by 83031?
795
What is the remainder when 1093619 is divided by 325?
319
Calculate the remainder when 78165750 is divided by 5679.
5673
What is the remainder when 30665228 is divided by 24?
20
Calculate the remainder when 178060 is divided by 6138.
58
Calculate the remainder when 342292 is divided by 2499.
2428
What is the remainder when 26791 is divided by 1260?
331
Calculate the remainder when 5172465 is divided by 768.
753
What is the remainder when 118399 is divided by 669?
655
Calculate the remainder when 939728 is divided by 938917.
811
What is the remainder when 277659 is divided by 6172?
6091
What is the remainder when 837406 is divided by 64?
30
What is the remainder when 26038 is divided by 8502?
532
Calculate the remainder when 6052830 is divided by 550254.
36
What is the remainder when 214372 is divided by 623?
60
What is the remainder when 3263669 is divided by 2026?
1809
What is the remainder when 15554291 is divided by 3692?
3587
What is the remainder when 658841 is divided by 38748?
125
Calculate the remainder when 1025130345 is divided by 47.
44
Calculate the remainder when 35772 is divided by 1986.
24
Calculate the remainder when 1229324 is divided by 261.
14
What is the remainder when 4347089 is divided by 21627?
62
What is the remainder when 1743 is divided by 445?
408
Calculate the remainder when 237462058 is divided by 762.
760
Calculate the remainder when 14407 is divided by 44.
19
What is the remainder when 6104942 is divided by 1526233?
10
What is the remainder when 25651774 is divided by 2809?
2795
What is the remainder when 211510 is divided by 3872?
2422
Calculate the remainder when 2334175 is divided by 181.
180
What is the remainder when 13467451 is divided by 3280?
3051
What is the remainder when 657160 is divided by 899?
890
Calculate the remainder when 460316 is divided by 2.
0
Calculate the remainder when 17809964 is divided by 528.
524
Calculate the remainder when 6898742 is divided by 6898740.
2
Calculate the remainder when 54644 is divided by 1771.
1514
Calculate the remainder when 57038 is divided by 96.
14
What is the remainder when 1281532 is divided by 265?
257
Calculate the remainder when 6248 is divided by 162.
92
What is the remainder when 44460257 is divided by 22?
17
What is the remainder when 952662 is divided by 2117?
12
What is the remainder when 57893418 is divided by 107?
105
What is the remainder when 78683 is divided by 1864?
395
What is the remainder when 6151858 is divided by 34?
0
Calculate the remainder when 765990 is divided by 821.
818
What is the remainder when 5049300 is divided by 915?
330
What is the remainder when 106963 is divided by 17792?
211
What is the remainder when 14640199 is divided by 10?
9
Calculate the remainder when 2447686 is divided by 35.
31
What is the remainder when 17583 is divided by 1531?
742
What is the remainder when 2